ime factors of 9280.
2, 5, 29
What are the prime factors of 8340?
2, 3, 5, 139
What are the prime factors of 16574?
2, 8287
What are the prime factors of 1234?
2, 617
List the prime factors of 36159.
3, 17, 709
List the prime factors of 37238.
2, 43, 433
What are the prime factors of 997?
997
List the prime factors of 7141.
37, 193
List the prime factors of 1976.
2, 13, 19
List the prime factors of 111.
3, 37
List the prime factors of 4000.
2, 5
What are the prime factors of 1898?
2, 13, 73
List the prime factors of 494.
2, 13, 19
What are the prime factors of 1690?
2, 5, 13
What are the prime factors of 29266?
2, 14633
What are the prime factors of 836?
2, 11, 19
List the prime factors of 714.
2, 3, 7, 17
What are the prime factors of 3857?
7, 19, 29
List the prime factors of 16306.
2, 31, 263
List the prime factors of 1510.
2, 5, 151
List the prime factors of 24989.
24989
List the prime factors of 1403.
23, 61
What are the prime factors of 767?
13, 59
What are the prime factors of 6155?
5, 1231
What are the prime factors of 850?
2, 5, 17
List the prime factors of 108.
2, 3
What are the prime factors of 12883?
13, 991
What are the prime factors of 5897?
5897
What are the prime factors of 8989?
89, 101
List the prime factors of 7849.
47, 167
List the prime factors of 15077.
15077
List the prime factors of 1415.
5, 283
What are the prime factors of 3469?
3469
List the prime factors of 209.
11, 19
What are the prime factors of 2022?
2, 3, 337
List the prime factors of 61582.
2, 41, 751
List the prime factors of 66313.
13, 5101
List the prime factors of 30977.
30977
What are the prime factors of 4531?
23, 197
List the prime factors of 13039.
13, 17, 59
List the prime factors of 10315.
5, 2063
List the prime factors of 1197.
3, 7, 19
List the prime factors of 6460.
2, 5, 17, 19
What are the prime factors of 1054?
2, 17, 31
What are the prime factors of 119506?
2, 59753
List the prime factors of 2763.
3, 307
List the prime factors of 3166.
2, 1583
List the prime factors of 127513.
29, 4397
What are the prime factors of 26777?
26777
List the prime factors of 4153.
4153
List the prime factors of 5918.
2, 11, 269
What are the prime factors of 19029?
3, 6343
List the prime factors of 1242.
2, 3, 23
What are the prime factors of 1559?
1559
List the prime factors of 36584.
2, 17, 269
What are the prime factors of 2296?
2, 7, 41
What are the prime factors of 18284?
2, 7, 653
List the prime factors of 41140.
2, 5, 11, 17
What are the prime factors of 55?
5, 11
List the prime factors of 867.
3, 17
What are the prime factors of 609?
3, 7, 29
What are the prime factors of 14810?
2, 5, 1481
What are the prime factors of 4178?
2, 2089
What are the prime factors of 48705?
3, 5, 17, 191
What are the prime factors of 8482?
2, 4241
List the prime factors of 1392.
2, 3, 29
List the prime factors of 34.
2, 17
What are the prime factors of 20481?
3, 6827
List the prime factors of 1958.
2, 11, 89
What are the prime factors of 2090?
2, 5, 11, 19
What are the prime factors of 328?
2, 41
List the prime factors of 2244.
2, 3, 11, 17
List the prime factors of 8096.
2, 11, 23
List the prime factors of 13669.
13669
List the prime factors of 14784.
2, 3, 7, 11
What are the prime factors of 7041?
3, 2347
List the prime factors of 3008.
2, 47
List the prime factors of 11587.
11587
What are the prime factors of 46?
2, 23
What are the prime factors of 1473?
3, 491
What are the prime factors of 2935?
5, 587
What are the prime factors of 160636?
2, 7, 5737
What are the prime factors of 27209?
7, 13, 23
List the prime factors of 78780.
2, 3, 5, 13, 101
List the prime factors of 6238.
2, 3119
What are the prime factors of 49491?
3, 13, 47
What are the prime factors of 18467?
59, 313
List the prime factors of 300.
2, 3, 5
What are the prime factors of 1190?
2, 5, 7, 17
List the prime factors of 15229.
97, 157
List the prime factors of 823.
823
What are the prime factors of 1391?
13, 107
What are the prime factors of 22152?
2, 3, 13, 71
List the prime factors of 25149.
3, 83, 101
List the prime factors of 4243.
4243
What are the prime factors of 1802?
2, 17, 53
What are the prime factors of 808?
2, 101
What are the prime factors of 1878?
2, 3, 313
List the prime factors of 30856.
2, 7, 19, 29
What are the prime factors of 1794?
2, 3, 13, 23
List the prime factors of 991.
991
List the prime factors of 2887.
2887
What are the prime factors of 978?
2, 3, 163
What are the prime factors of 925?
5, 37
What are the prime factors of 971?
971
What are the prime factors of 53329?
17, 3137
List the prime factors of 7402.
2, 3701
What are the prime factors of 7925?
5, 317
What are the prime factors of 790?
2, 5, 79
What are the prime factors of 12232?
2, 11, 139
What are the prime factors of 109077?
3, 103, 353
What are the prime factors of 19629?
3, 727
List the prime factors of 871.
13, 67
List the prime factors of 4813.
4813
List the prime factors of 81479.
59, 1381
List the prime factors of 30069.
3, 13, 257
List the prime factors of 352.
2, 11
List the prime factors of 1785.
3, 5, 7, 17
What are the prime factors of 35353?
35353
List the prime factors of 7390.
2, 5, 739
List the prime factors of 51852.
2, 3, 29, 149
What are the prime factors of 31998?
2, 3, 5333
List the prime factors of 17815.
5, 7, 509
List the prime factors of 6021.
3, 223
What are the prime factors of 426?
2, 3, 71
List the prime factors of 4982.
2, 47, 53
List the prime factors of 47237.
47237
What are the prime factors of 1975?
5, 79
List the prime factors of 62235.
3, 5, 461
List the prime factors of 3347.
3347
List the prime factors of 1508.
2, 13, 29
List the prime factors of 43242.
2, 3, 7207
What are the prime factors of 731?
17, 43
List the prime factors of 2698.
2, 19, 71
What are the prime factors of 21751?
21751
What are the prime factors of 3261?
3, 1087
List the prime factors of 22416.
2, 3, 467
List the prime factors of 2337.
3, 19, 41
What are the prime factors of 27940?
2, 5, 11, 127
List the prime factors of 17707.
17707
List the prime factors of 60759.
3, 43, 157
List the prime factors of 44272.
2, 2767
List the prime factors of 1685.
5, 337
What are the prime factors of 14971?
11, 1361
What are the prime factors of 25732?
2, 7, 919
What are the prime factors of 2205?
3, 5, 7
What are the prime factors of 3605?
5, 7, 103
List the prime factors of 1069.
1069
List the prime factors of 300.
2, 3, 5
What are the prime factors of 720?
2, 3, 5
What are the prime factors of 6953?
17, 409
What are the prime factors of 25535?
5, 5107
What are the prime factors of 144?
2, 3
What are the prime factors of 6674?
2, 47, 71
What are the prime factors of 28585?
5, 5717
What are the prime factors of 44238?
2, 3, 73, 101
List the prime factors of 8387.
8387
What are the prime factors of 657?
3, 73
What are the prime factors of 1399?
1399
List the prime factors of 78239.
7, 11177
What are the prime factors of 3366?
2, 3, 11, 17
List the prime factors of 1428.
2, 3, 7, 17
List the prime factors of 4067.
7, 83
List the prime factors of 45959.
45959
List the prime factors of 273.
3, 7, 13
What are the prime factors of 298?
2, 149
List the prime factors of 15115.
5, 3023
List the prime factors of 1513.
17, 89
What are the prime factors of 2072?
2, 7, 37
List the prime factors of 12719.
7, 23, 79
What are the prime factors of 61242?
2, 3, 59, 173
List the prime factors of 4397.
4397
List the prime factors of 57236.
2, 41, 349
List the prime factors of 1264.
2, 79
List the prime factors of 401.
401
What are the prime factors of 22000?
2, 5, 11
What are the prime factors of 11850?
2, 3, 5, 79
List the prime factors of 165083.
165083
What are the prime factors of 18467?
59, 313
What are the prime factors of 13883?
13883
List the prime factors of 75208.
2, 7, 17, 79
What are the prime factors of 2725?
5, 109
What are the prime factors of 2038?
2, 1019
List the prime factors of 26457.
3, 8819
What are the prime factors of 66490?
2, 5, 61, 109
List the prime factors of 16311.
3, 5437
List the prime factors of 3871.
7, 79
What are the prime factors of 153?
3, 17
List the prime factors of 108902.
2, 17, 3203
List the prime factors of 6137.
17, 19
List the prime factors of 648.
2, 3
List the prime factors of 6310.
2, 5, 631
What ar